e ten thousands digit of 988043724?
4
What is the hundreds digit of 41391187?
1
What is the millions digit of 755829166?
5
What is the units digit of 363118636?
6
What is the tens digit of 424416249?
4
What is the hundred thousands digit of 5151512969?
5
What is the hundred millions digit of 1394764097?
3
What is the hundred thousands digit of 46925909?
9
What is the millions digit of 8252435?
8
What is the ten millions digit of 4396826160?
9
What is the hundred millions digit of 691404317?
6
What is the hundred millions digit of 192271980?
1
What is the tens digit of 53016159?
5
What is the hundred millions digit of 640413200?
6
What is the ten thousands digit of 352447323?
4
What is the ten thousands digit of 52026763?
2
What is the hundreds digit of 8221457?
4
What is the units digit of 29883477?
7
What is the ten millions digit of 121711370?
2
What is the millions digit of 17865056?
7
What is the hundreds digit of 93357365?
3
What is the thousands digit of 998991735?
1
What is the tens digit of 2583174144?
4
What is the ten thousands digit of 112348083?
4
What is the hundred thousands digit of 71595998?
5
What is the billions digit of 2455621546?
2
What is the hundreds digit of 9549155?
1
What is the ten thousands digit of 34649670?
4
What is the millions digit of 45245937?
5
What is the hundreds digit of 422771919?
9
What is the billions digit of 2286320376?
2
What is the tens digit of 32584374?
7
What is the hundred millions digit of 869709941?
8
What is the ten thousands digit of 1978094077?
9
What is the millions digit of 49890819?
9
What is the ten thousands digit of 2310828520?
2
What is the units digit of 793133213?
3
What is the millions digit of 369920907?
9
What is the units digit of 46362461?
1
What is the hundreds digit of 1299402773?
7
What is the units digit of 1434206632?
2
What is the ten thousands digit of 716142094?
4
What is the tens digit of 175207022?
2
What is the hundred millions digit of 339742513?
3
What is the thousands digit of 39414494?
4
What is the thousands digit of 2402915872?
5
What is the hundreds digit of 822941149?
1
What is the units digit of 337602658?
8
What is the millions digit of 313668299?
3
What is the tens digit of 119903347?
4
What is the tens digit of 10828893?
9
What is the hundred millions digit of 568041304?
5
What is the hundred thousands digit of 92193506?
1
What is the hundred thousands digit of 105767822?
7
What is the tens digit of 3246349992?
9
What is the ten millions digit of 1164953521?
6
What is the ten millions digit of 209448832?
0
What is the thousands digit of 127643962?
3
What is the hundred thousands digit of 313390223?
3
What is the hundreds digit of 537871769?
7
What is the ten millions digit of 837376462?
3
What is the millions digit of 2421489270?
1
What is the hundreds digit of 452374264?
2
What is the thousands digit of 229918577?
8
What is the hundreds digit of 73332351?
3
What is the millions digit of 511437992?
1
What is the ten millions digit of 56391750?
5
What is the hundred thousands digit of 113861787?
8
What is the tens digit of 323109176?
7
What is the units digit of 143786835?
5
What is the millions digit of 256839742?
6
What is the hundred thousands digit of 76723337?
7
What is the thousands digit of 50896621?
6
What is the tens digit of 283741208?
0
What is the hundred millions digit of 1266480774?
2
What is the millions digit of 53839636?
3
What is the thousands digit of 7811289002?
9
What is the ten thousands digit of 307332997?
3
What is the ten thousands digit of 104565900?
6
What is the units digit of 1142787187?
7
What is the millions digit of 824583199?
4
What is the hundred thousands digit of 48801582?
8
What is the ten millions digit of 19876798?
1
What is the ten millions digit of 196850840?
9
What is the thousands digit of 58099899?
9
What is the hundreds digit of 136863289?
2
What is the ten millions digit of 68261800?
6
What is the hundred thousands digit of 6001167?
0
What is the ten thousands digit of 25138039?
3
What is the tens digit of 23845303?
0
What is the millions digit of 1911847030?
1
What is the units digit of 30595690?
0
What is the units digit of 619827226?
6
What is the hundred thousands digit of 176063099?
0
What is the tens digit of 8131426?
2
What is the hundred thousands digit of 309053283?
0
What is the ten millions digit of 72346108?
7
What is the ten millions digit of 155447506?
5
What is the hundreds digit of 180349330?
3
What is the hundred millions digit of 5513089385?
5
What is the tens digit of 2916020639?
3
What is the thousands digit of 40163523?
3
What is the ten millions digit of 3894936761?
9
What is the ten millions digit of 60088591?
6
What is the thousands digit of 4823924946?
4
What is the ten thousands digit of 124862538?
6
What is the hundred millions digit of 105889229?
1
What is the tens digit of 488038169?
6
What is the ten millions digit of 421682797?
2
What is the hundreds digit of 90867329?
3
What is the hundred thousands digit of 36640792?
6
What is the hundred millions digit of 602234286?
6
What is the ten millions digit of 314769337?
1
What is the hundred thousands digit of 146047189?
0
What is the units digit of 371422357?
7
What is the millions digit of 7103804166?
3
What is the ten millions digit of 47054288?
4
What is the hundred millions digit of 1781289540?
7
What is the ten thousands digit of 67021044?
2
What is the ten millions digit of 1398526908?
9
What is the hundreds digit of 14777592?
5
What is the tens digit of 129972517?
1
What is the hundreds digit of 68075997?
9
What is the millions digit of 2067175608?
7
What is the hundred millions digit of 179748311?
1
What is the tens digit of 22940325?
2
What is the thousands digit of 4211269419?
9
What is the thousands digit of 31760732?
0
What is the hundreds digit of 302723722?
7
What is the millions digit of 2514895234?
4
What is the ten millions digit of 422861140?
2
What is the tens digit of 797842700?
0
What is the thousands digit of 14094283?
4
What is the units digit of 39751929?
9
What is the units digit of 159245614?
4
What is the millions digit of 384758986?
4
What is the units digit of 635735874?
4
What is the hundreds digit of 876296920?
9
What is the thousands digit of 990597125?
7
What is the units digit of 550747286?
6
What is the tens digit of 3788560498?
9
What is the ten millions digit of 232652295?
3
What is the units digit of 391446854?
4
What is the thousands digit of 4778866472?
6
What is the units digit of 2939649558?
8
What is the millions digit of 44938685?
4
What is the tens digit of 1093624869?
6
What is the hundred thousands digit of 322542794?
5
What is the millions digit of 3879183283?
9
What is the millions digit of 79561442?
9
What is the hundreds digit of 114547917?
9
What is the ten millions digit of 48759510?
4
What is the ten thousands digit of 647271672?
7
What is the ten millions digit of 46767214?
4
What is the units digit of 253149658?
8
What is the hundred thousands digit of 1422116993?
1
What is the units digit of 4816919703?
3
What is the millions digit of 32890610?
2
What is the hundred thousands digit of 145197831?
1
What is the units digit of 404499355?
5
What is the billions digit of 1143205905?
1
What is the units digit of 10596197?
7
What is the hundred millions digit of 730429632?
7
What is the units digit of 83289890?
0
What is the ten millions digit of 1667533752?
6
What is the hundred thousands digit of 1023680638?
6
What is the hundred millions digit of 445597005?
4
What is the hundred thousands digit of 1267434296?
4
What is the hundred millions digit of 4603294810?
6
What is the ten millions digit of 1003550981?
0
What is the hundreds digit of 357436154?
1
What is the ten thousands digit of 6045744089?
4
What is the hundreds digit of 494183792?
7
What is the hundred millions digit of 505230916?
5
What is the thousands digit of 127410348?
0
What is the tens digit of 6277461533?
3
What is the millions digit of 539548189?
9
What is the hundred millions digit of 3186887777?
1
What is the ten millions digit of 72810576?
7
What is the ten thousands digit of 69491740?
9
What is the units digit of 239867449?
9
What is the millions digit of 140766551?
0
What is the units digit of 207133958